late the greatest common divisor of 15 and b.
15
Suppose 0 = 4*i + 4622 - 4626. Calculate the highest common factor of 169 and i.
1
Let d(z) = 2*z - 5 + 31*z - 5*z. Let b be d(2). What is the highest common factor of 34 and b?
17
Let n be 10290/196 - 1/2. What is the highest common divisor of n and 16?
4
Let b(c) = 8*c**2 - 2*c - 1. Let t be b(-1). Suppose -463 = -4*p + n, -105 = -p - 2*n + 22. What is the highest common factor of p and t?
9
Suppose -2*p + 20 = 4*o, o + 27 = 6*o + 2*p. Let u be (-21 + 1)*(-24)/40. Let f be u/12 - -1*48. Calculate the greatest common divisor of o and f.
7
Let u be ((-15)/(-5)*37)/3. Suppose -8*d - u = -229. What is the highest common divisor of 6 and d?
6
Suppose 185 = 2*y + 121. What is the greatest common factor of y and 672?
32
Suppose 0 = -d + 4*q + 32, q - 43 = -7*d + 3*d. Let v = -5 + d. Suppose 2*k - 21 = v. What is the greatest common divisor of k and 112?
14
Suppose 4*a = a + 273. Let d(u) = -u**2 + 7*u. Let r be d(6). Suppose 0*n - 78 = -r*n. What is the highest common factor of a and n?
13
Let w be ((-4)/(-6) + -2)/((-12)/18). Suppose -50 = w*g - 7*g. What is the greatest common factor of 10 and g?
10
Let b(w) = w**3 + 2*w**2 - 6*w - 3. Let t be b(-4). Let d be 6/2 - (t + 17). Let g be 4/1 - 2 - d. What is the highest common factor of g and 1?
1
Let h = -665 + 784. What is the highest common factor of h and 34?
17
Let n = 332 + -327. What is the greatest common divisor of 5 and n?
5
Let n(a) = -a**3 + 6*a**2 + 5*a - 4. Let h be n(6). Let z be 28/5*(-1950)/(-60). What is the highest common factor of z and h?
26
Suppose 0 = -h - 2*h + 36. Let i be 4 + h/9*-3. Let r be i - (1 + -5) - -1. What is the greatest common factor of r and 2?
1
Let p = 542 - 538. What is the greatest common factor of 36 and p?
4
Let h = -15 - -14. Let g be 2 + h - 12/(-3). What is the greatest common factor of g and 20?
5
Suppose 3*n + 2160 = 11*n. Let l be n/(-4)*(-4)/3. Calculate the greatest common factor of l and 10.
10
Let m be -1 - (-90)/21 - 4/14. Let w be 1*(-5)/(-2)*2. Suppose w*d - 75 = -5*x, -2*d = -9 + m. Calculate the greatest common factor of x and 8.
4
Let g = 679 + -634. Calculate the highest common factor of g and 50.
5
Let z be ((-1)/(-2))/((-18)/(-2016)). Suppose h - 60 = -4*h - 5*w, -3*h + z = -2*w. Let n = -7 + 11. Calculate the highest common divisor of h and n.
4
Let p = -20 - -20. Suppose 3*m + 3*g = 9, 5*m - g + p = -3. Let h be 3 + -1 - m/(-1). Calculate the highest common factor of h and 1.
1
Suppose -30 = c - 2*c. Let g = 9 - -1. What is the highest common factor of g and c?
10
Let o(h) = -8*h + 2. Let n be o(-2). Let u be ((-882)/4)/(-1) - (-9)/(-6). Let b = 417 - u. Calculate the highest common divisor of b and n.
18
Let m(i) = -18*i - 9. Let l be m(-12). Calculate the greatest common divisor of l and 27.
9
Suppose -10*f + 1551 = -2129. Calculate the highest common factor of 138 and f.
46
Suppose -5*u + 86 = 2*j, -4 = 5*u - 2*j - 98. Calculate the greatest common factor of 42 and u.
6
Suppose -714 = -5*i - 2*q, 16*q = -3*i + 14*q + 426. Let o(s) = -3*s**3 - 3*s**2 - 2*s. Let f be o(-2). Calculate the greatest common factor of f and i.
16
Suppose 2*g = -6, 1555 - 64 = 4*j - 5*g. What is the highest common factor of 41 and j?
41
Suppose 24 = -6*m + 108. Suppose 5*o + y + 16 = 0, 5*y + 5 = -0. Let s = 4 - o. Calculate the highest common divisor of m and s.
7
Let d be (2*31)/(58/87). Calculate the highest common factor of 9 and d.
3
Suppose 3*v = -4*y + 110, -2*y - 2*y = 5*v - 106. What is the highest common factor of y and 232?
29
Suppose -5*n + 20 = 0, -4*p + 4*n + 72 + 140 = 0. Suppose 0 = -4*w - 21 + p. Let u = 28 - w. What is the highest common factor of 57 and u?
19
Let n(c) = -6*c + 33. Let j be n(5). Suppose j*l - 88 = -7. Calculate the greatest common factor of l and 81.
27
Suppose u - 4*z - 5 = -0, -20 = -4*u + 2*z. Suppose -o + 82 - u = 4*v, -2*o + 164 = 3*v. What is the greatest common factor of o and 17?
17
Let g be -6*(-4 + 3)/2. Suppose g*h - 6 = h - 4*t, -5*t = h + 9. Calculate the highest common divisor of h and 143.
11
Let m = -1634 + 1816. Let u(a) = 26*a**2 - a - 1. Let b be u(-1). Calculate the highest common factor of b and m.
26
Let r(m) = -m**3 - m**2 - 4. Let l be r(-2). Suppose 3*t + 3 = -l. Let y be (t + -2)*-7 + 3. Calculate the highest common factor of 144 and y.
24
Let v(h) = -h**3 - 10*h**2 + h + 14. Let g be v(-10). Calculate the highest common factor of g and 360.
4
Suppose 5*i + 10 = -5*o - 30, 0 = i + 3*o + 6. Let l(r) = 2*r**2 + 11*r + 7. Let n be l(i). Let d = -162 + 172. Calculate the greatest common factor of d and n.
10
Suppose 69*w - 93*w + 192 = 0. Suppose 2 + 72 = g. Suppose -5*d + 49 = -4*d - 3*k, 0 = -2*d - 2*k + g. What is the greatest common factor of w and d?
8
Let z(b) = 5*b**2 - 9*b - 1. Let v = 14 - 7. Let u be z(v). Suppose -u = -5*t + 594. What is the greatest common factor of 31 and t?
31
Let b(g) = g**2 + 11*g + 44. Let o be b(-30). Suppose -760 = -5*a - 5*k, 6*a - 2*a - o = 2*k. What is the highest common factor of 17 and a?
17
Let t = 67 + -94. Let m be (t + 0)*(-12)/18. What is the highest common factor of 6 and m?
6
Suppose -5*a + 9*a - 12 = 0, 5*i = -a + 258. What is the highest common divisor of i and 119?
17
Suppose 11*v - 14*v = -3*w + 177, -4*w + 3*v + 237 = 0. What is the highest common divisor of w and 16?
4
Let r(n) = -n + 23. Let x be r(10). Suppose 4*d + d = -55. Let k = d - -63. Calculate the greatest common divisor of k and x.
13
Let h(y) = -168*y. Let z be h(-1). Suppose -42*w = -39*w - z. Calculate the highest common divisor of 8 and w.
8
Suppose 0 = 3*v - 2*v - 35. Suppose 31 - v = -q. Calculate the greatest common factor of 8 and q.
4
Suppose -2*w - 6 = 0, -f - 5*w + 29 = -8*w. Suppose -f = -4*v - 0. Let j = v + -4. Calculate the highest common factor of j and 7.
1
Suppose 3*l - 12 = 0, -5*z - 48 - 190 = 3*l. Let v = -40 - z. Calculate the highest common divisor of v and 110.
10
Suppose -30*v - 868 = -10618. What is the highest common divisor of v and 65?
65
Suppose 10*n - 269 = 14731. Calculate the highest common divisor of 60 and n.
60
Let f = -166 - -254. Suppose 2*z - 18 = 5*k, 0 = 2*k - 4*z + 3 + 17. Let q be (k/6)/(3/(-90)) - -1. What is the greatest common divisor of f and q?
11
Let s = 851 + -783. Calculate the greatest common factor of 20 and s.
4
Let h(z) = 11*z + 18*z - 10*z + 0*z + 11. Let g be h(3). What is the highest common divisor of 51 and g?
17
Let x be (500/8)/((-2)/(-4)). Let a = x - -19. Suppose -3*f = -7*f + a. Calculate the highest common factor of f and 24.
12
Suppose -f = f - 4, 0 = -g - 4*f + 11. Suppose -g = q - 6. Calculate the highest common factor of q and 12.
3
Suppose -r + 6 = 2. Suppose 0 = r*t + 3*t - 84. What is the highest common factor of t and 16?
4
Suppose 0 = 479*n - 475*n - 8. Calculate the highest common divisor of 326 and n.
2
Let n be 85/25 + 0 + (-8)/20. Suppose j + n = 57. What is the greatest common factor of 81 and j?
27
Let x = -24 - -40. Let u = x - 14. Suppose u*m - 3*m + 10 = 0. Calculate the highest common factor of 90 and m.
10
Let s be (12/(-15) - -1) + 26*(-221)/(-170). Let l be 593/5 + 2/5. Calculate the highest common divisor of l and s.
17
Suppose -5*h + 8*f = 4*f - 1700, -2*h = 2*f - 662. Calculate the greatest common divisor of 21 and h.
21
Suppose 30 = -27*g + 354. Suppose -2*t + 410 = 4*z - 0*t, 195 = 2*z + 3*t. Let s be z/6 - 1/(-2). Calculate the highest common divisor of s and g.
6
Let t be (-46)/(-14) + (-22)/77. Suppose -t*z + 181 + 179 = 0. Calculate the greatest common divisor of z and 30.
30
Let h(p) = p**3 + 18*p**2 + p - 13. Let d be h(-18). Let v = 81 + d. Calculate the highest common divisor of 10 and v.
10
Suppose 50*v = 71*v - 252. Calculate the greatest common divisor of 16 and v.
4
Let n(y) = y + 15. Let f be n(13). Let l be -2 + 829/7 - 12/f. What is the greatest common factor of 29 and l?
29
Let i(m) = m**2 + 24*m + 26. Let y be i(-24). Calculate the greatest common factor of 52 and y.
26
Let p(a) = 2*a**3 + 19*a**2 - 13*a - 26. Let s be p(-10). What is the highest common divisor of 28 and s?
4
Let p = 10 + -18. Let n = p - 2. Let m(x) = -x**3 - 10*x**2 - x - 3. Let i be m(n). What is the highest common divisor of i and 1?
1
Suppose -h + 15 = 4*